+ f**2 - 2*f - 7. Calculate g(0).
-7
Let t(v) = 2*v**3 - 17*v**2 - 6*v - 28. What is t(9)?
-1
Let l(g) = -g + 1. What is l(2)?
-1
Let y(i) = 5*i**3 - 2*i - 1. Determine y(-1).
-4
Let f(h) = -3*h - 7. What is f(0)?
-7
Let q(h) = -2*h - 18. Determine q(-13).
8
Let m(r) = -2*r**2 + 4*r + 3. Calculate m(0).
3
Let q(u) = -2*u**2 - 5. What is q(-2)?
-13
Let l(f) = -f**3 + 4*f**2 + 4*f - 6. Calculate l(4).
10
Let b(q) = q**2 - 6*q + 10. Determine b(0).
10
Let y(m) = 2*m**3 - m - 1. Give y(-1).
-2
Let h(f) = -19*f - 2. Give h(1).
-21
Let d(k) = -k**3 + k**2 - 2*k - 4. Calculate d(0).
-4
Let g(w) = -5*w - 1. Calculate g(3).
-16
Let h(j) = -4*j - 38. Determine h(-10).
2
Let q(z) = z**2 + 4*z + 4. Determine q(-1).
1
Let r(c) = -c - 6. What is r(1)?
-7
Let v(n) = -2*n + 18. Determine v(6).
6
Let y(s) = -s**2 - 33*s - 68. Calculate y(-32).
-36
Let v(s) = -s**2 - 12*s - 41. Give v(-7).
-6
Let w(g) = -5*g + 51. Calculate w(7).
16
Let r(h) = -h**2 - 76*h + 495. Give r(6).
3
Let k(j) = -52*j**2 + 103*j - 5. Give k(2).
-7
Let g(m) = 3*m + 40. Calculate g(-14).
-2
Let o(i) = 3*i + 14. Determine o(-5).
-1
Let c(n) = n**2 + 10*n - 58. Give c(-14).
-2
Let x(t) = -3*t + 35. What is x(18)?
-19
Let g(f) = -f**3 - 10*f**2 + 4*f + 35. What is g(-10)?
-5
Let n(m) = -2*m + 6. What is n(7)?
-8
Let p(n) = -n**3 - 9*n**2 - 1. Determine p(-9).
-1
Let q(f) = -15*f - 1. What is q(0)?
-1
Let a(o) = -o**3 - 13*o**2 - 10*o + 23. Give a(-12).
-1
Let w(h) = -h**3 - 6*h**2 + 8*h + 1. Give w(-7).
-6
Let y(h) = -h**3 + 47*h**2 + 38*h + 483. Give y(48).
3
Let f(d) = 9*d - 14. Determine f(-6).
-68
Let w(h) = -h**3 - 7*h**2 - 5*h - 3. Give w(-5).
-28
Let t(p) = -p**3 + 7*p - 2. What is t(0)?
-2
Let l(b) = -68*b - 413. What is l(-6)?
-5
Let u(n) = -n**3 - 3*n**2 + 2*n - 4. Calculate u(-5).
36
Let v(t) = -t**3 - 9*t**2 - 2. Calculate v(-9).
-2
Let o(j) = -j**2 + 9. Determine o(3).
0
Let j(o) = -6*o**2 - 6*o. Give j(1).
-12
Let u(h) = -h + 20. Calculate u(10).
10
Let u(r) = r**3 - 4*r**2 - 9*r - 9. Calculate u(-2).
-15
Let j(x) = x - 9. Calculate j(-10).
-19
Let t(v) = 2*v + 33. Give t(-8).
17
Let r(p) = -p**3 - 4*p**2 - 6*p - 4. Give r(-3).
5
Let b(w) = -w**3 - w**2 + w - 56. Calculate b(0).
-56
Let b(k) = k**3 - 10*k**2 + 13*k + 26. Calculate b(8).
2
Let m(r) = -10*r + 441. Give m(44).
1
Let p(a) = -6*a + 68. What is p(22)?
-64
Let f(d) = -3*d + 8. What is f(10)?
-22
Let u(m) = -2*m**3 + 4*m**2 + 3. Determine u(3).
-15
Let k(t) = -t**2 + 3. Determine k(3).
-6
Let d(o) = o**3 - 8*o**2 - 12*o + 77. Calculate d(7).
-56
Let z(m) = -m**3 + 6*m**2 + 2*m - 10. Determine z(6).
2
Let q(j) = j - 13. Calculate q(13).
0
Let j(v) = -v**2 - 2. Give j(3).
-11
Let m(p) = 4*p**2 - 4*p - 3. What is m(-2)?
21
Let p(s) = s**3 - 4*s**2 - s + 3. What is p(4)?
-1
Let o(d) = d + 8. Give o(-6).
2
Let q(p) = -3*p + 56. Calculate q(18).
2
Let j(s) = -s**3 + 6*s**2 - 3*s - 7. Calculate j(4).
13
Let u(n) = 5*n**2 - 4*n - 2. What is u(-4)?
94
Let f(l) = -l**2 + 8*l - 14. Give f(12).
-62
Let k(u) = 9*u - 1. What is k(1)?
8
Let v(z) = -z**3 - 2*z**2 - 3*z + 2. Determine v(-4).
46
Let o(a) = -35*a - 67. What is o(-2)?
3
Let j(m) = -m**2 + 6*m - 18. What is j(4)?
-10
Let b(x) = -5*x + 12. Determine b(-12).
72
Let o(w) = 2*w**2 + 15*w - 81. Calculate o(-11).
-4
Let u(q) = 2*q**2 + 25*q - 26. Calculate u(-13).
-13
Let l(p) = p**2 - 11*p + 25. Calculate l(9).
7
Let v(z) = -z**3 + 5*z**2 + 2*z. Calculate v(5).
10
Let j(y) = -6*y**2 + 4*y + 3. Give j(-2).
-29
Let i(n) = 6*n - 7. What is i(-2)?
-19
Let u(k) = -11*k + 9. What is u(1)?
-2
Let m(l) = -4*l + 5. What is m(2)?
-3
Let d(g) = -4*g**2 + g - 1. What is d(2)?
-15
Let n(l) = -2*l**3 + 11*l**2 - 45*l + 313. Give n(6).
7
Let d(i) = -i**3 + 8*i**2 - 7*i + 6. What is d(7)?
6
Let o(s) = s**2 - 7*s - 4. Determine o(8).
4
Let a(o) = -3*o - 50. Determine a(0).
-50
Let l(j) = -3*j**2 + 4*j - 6. Calculate l(3).
-21
Let i(c) = -c**2 - 16*c. Calculate i(-5).
55
Let d(m) = 124*m + 120. Give d(-1).
-4
Let p(k) = 2*k - 12. Give p(8).
4
Let a(q) = -14*q**2 + 4*q - 2. What is a(1)?
-12
Let j(f) = -3*f - 2. What is j(3)?
-11
Let y(q) = q**2 - 12*q + 18. What is y(6)?
-18
Let y(d) = d**3 - 14*d**2 - 2. Calculate y(14).
-2
Let x(u) = -u**3 - 27*u**2 - 24*u + 46. Give x(-26).
-6
Let n(q) = q**3 - 11*q**2 + q + 15. Give n(11).
26
Let y(p) = 124*p + 252. What is y(-2)?
4
Let a(p) = -p**3 + 2*p**2 - 5*p + 1. What is a(0)?
1
Let v(y) = -2*y**3 + 9*y**2 + 6*y - 4. Determine v(5).
1
Let w(t) = -t**3 - 12*t**2 - t - 17. What is w(-12)?
-5
Let g(j) = 4*j + 3. What is g(4)?
19
Let k(o) = -3*o - 4. Calculate k(10).
-34
Let r(g) = g**3 - 12*g**2 - 3*g - 8. What is r(12)?
-44
Let r(n) = 2*n**2 - 13*n + 9. Give r(5).
-6
Let s(a) = a**3 - 15*a**2 + 9*a + 14. Give s(14).
-56
Let o(b) = b**2 + 20*b - 4. Calculate o(-18).
-40
Let r(m) = -81*m**3 - 2*m**2 - 3*m - 2. Calculate r(-1).
80
Let b(x) = -2*x**2 - 3*x + 6. Give b(3).
-21
Let s(g) = g**2 - 8*g + 4. Determine s(6).
-8
Let q(s) = -s**3 + 18*s**2 + 36*s + 57. Determine q(20).
-23
Let l(y) = -y**3 - 7*y**2 - 7*y - 6. Give l(-6).
0
Let z(w) = 2*w**2 - 2*w - 7. Calculate z(5).
33
Let u(p) = 2*p**3 + 8*p**2 - 6*p - 1. Calculate u(-5).
-21
Let d(r) = r**2 + 13*r + 38. What is d(-8)?
-2
Let p(t) = -t**3 - 3*t**2 + 4*t + 1. Give p(-3).
-11
Let v(t) = -2*t + 39. Calculate v(14).
11
Let r(z) = 6*z**2 + 3*z + 2. Calculate r(-2).
20
Let z(i) = -6*i**2 - 294*i + 16. Calculate z(-49).
16
Let f(w) = -18*w - 181. Give f(-10).
-1
Let a(f) = -f**3 - 11*f**2 - 8*f - 3. What is a(-10)?
-23
Let i(s) = 86*s + 870. Calculate i(-10).
10
Let i(u) = 4*u**2 + 6*u + 11. Determine i(-5).
81
Let t(u) = -u**3 + 9*u**2 - 10. Calculate t(9).
-10
Let z(p) = -p**2 - 10*p + 12. Give z(-12).
-12
Let y(x) = 13*x - 420. What is y(33)?
9
Let c(t) = -2*t**3 - t**2 + t + 1. Calculate c(1).
-1
Let t(k) = 2*k**3 + 6*k**2 - 4*k + 4. Give t(-5).
-76
Let v(w) = -w**3 - 24*w**2 + 26*w + 36. Determine v(-25).
11
Let u(k) = -54*k**3 - k**2 + 1. Give u(-1).
54
Let r(j) = j**3 + 6*j**2 + 7*j + 9. What is r(-4)?
13
Let p(r) = -17*r**2 - 6*r + 6. Determine p(1).
-17
Let j(g) = -g**3 - 5*g**2 - 5*g + 5. Calculate j(-4).
9
Let a(o) = o**3 - 6*o**2 + 14. Determine a(5).
-11
Let v(z) = -2*z**2 - 7*z + 3. Calculate v(2).
-19
Let k(d) = -8*d - 50. What is k(-7)?
6
Let b(u) = -u**3 - 28*u**2 - 49*u + 71. What is b(-26)?
-7
Let y(g) = -g**3 - 8*g**2 + 9. Determine y(-8).
9
Let o(u) = u**3 - 42*u**2 - 38*u - 210. Give o(43).
5
Let b(v) = 26*v**3 - 2*v**2 + 2*v + 4. Give b(-1).
-26
Let r(j) = 3*j - 13. Determine r(7).
8
Let r(q) = -q**3 - 25*q**2 + 59*q + 90. Calculate r(-27).
-45
Let o(f) = f**3 - 19*f**2 - 40*f - 45. Give o(21).
-3
Let p(r) = -13*r - 22. Determine p(-4).
30
Let g(f) = f**2 - 2*f + 4. Determine g(5).
19
Let k(n) = -n**3 + 18*n**2 + 8. Determine k(18).
8
Let g(d) = 11*d**2 - 3*d + 2. What is g(3)?
92
Let q(d) = -4*d - 3. Determine q(-4).
13
Let f(n) = n**2 + 21*n - 5. Give f(-22).
17
Let s(o) = -38*o**2 - 1. Give s(-1).
-39
Let j(b) = b**3 + 14*b**2 + 10*b - 30. Give j(-13).
9
Let q(t) = -t**2 - 22*t + 14. Calculate q(-22).
14
Let t(c) = -c**3 + 15*c**2 - 28*c - 15. Determine t(12).
81
Let t(l) = l**2 - 9*l + 22. Give t(2).
8
Let k(b) = 2*b**3 - 2*b**2 + 3*b. Determine k(2).
14
Let u(c) = -4*c + 57. Give u(13).
5
Let x(q) = -q**2 + 6*q + 6. What is x(10)?
-34
Let i(j) = -j**3 + 19*j**2 - 35*j + 3. Calculate i(17).
-14
Let r(a) = 29*a + 157. Determine r(-6).
-17
Let q(h) = -9*h**2 - 3*h - 1. Determine q(-1).
-7
Let j(s) = s**2 + 8*s - 6. Give j(-5).
-21
Let n(o) = o**2 - 8*o + 4. Give n(5).
-11
Let m(u) = -2*u**2 + 24*u - 17. What is m(10)?
23
Let b(s) = -s**3 + 12*s**2 + s - 15. Determine b(12).
-3
Let w(u) = -3*u + 2. What is w(3)?
-7
Let r(i) = i**3 - 8*i**2 - 3*i + 13. Give r(8).
-11
Let b(z) = z**3 + 2*z**2. Determine b(-2).
0
Let x(j) = -13*j + 4. Calculate x(1).
-9
Let o(z) = z**3 + 11*z**2 - 8*z + 61. Calculate o(-12).
13
Let a(y) = -y**3 + 14*y**2 - 12*y + 24. What is a(13)?
37
Let y(m) = 2*m - 10. What is y(-7)?
-24
Let a(s) = s**2 + 7*s - 1. Calculate a(-7).
-1
Let m(f) = -18*f - 63. What is m(-10)?
117
Let k(n) = n**3 + 11*n**2 - 12*n - 10. What is k(-12)?
-10
Let t(c) = -c**2 + 8*c - 4. Give t(8).
-4
Let a(f) = 32*f**3 + 3*f**2 - 1. Determine a(1).
34
Let f(h) = h**3 + h**2 + 3*h - 20.